 what is 110000001 - -1?
110000010
In base 10, what is -48 - -4?
-44
In base 15, what is -5 + 3d?
38
In base 3, what is -12 + -100222?
-101011
In base 8, what is -2 + -57?
-61
In base 14, what is 0 - 43?
-43
In base 4, what is 10211 - 11?
10200
In base 5, what is -4 - -4?
0
In base 15, what is 1 - -2c6?
2c7
In base 4, what is 2 + 210?
212
In base 5, what is -33 + -422?
-1010
In base 5, what is 122 - 10?
112
In base 3, what is 0 - -12?
12
In base 4, what is -2031 - 120?
-2211
In base 7, what is -2 + -1032?
-1034
In base 16, what is -4f + 5?
-4a
In base 6, what is 0 - 2?
-2
In base 13, what is -52 - -6?
-49
In base 7, what is 3 + -2033?
-2030
In base 13, what is 2 + -3?
-1
In base 4, what is 3 + 2?
11
In base 12, what is 8 - -14?
20
In base 10, what is 1 + 21?
22
In base 12, what is -29 - 31?
-5a
In base 2, what is -1 - 10010100010?
-10010100011
In base 12, what is 20 - -10?
30
In base 5, what is 42313 - 2?
42311
In base 12, what is 4 - 45?
-41
In base 13, what is 5107 + -1?
5106
In base 5, what is -3 - 14?
-22
In base 4, what is 132 - 1?
131
In base 13, what is -154 + -5?
-159
In base 13, what is -4 + -1c2?
-1c6
In base 6, what is 3 + -1234?
-1231
In base 2, what is 101111101 + -100111?
101010110
In base 15, what is 3 - -9c?
a0
In base 5, what is 204 - -2?
211
In base 11, what is 5 + 14?
19
In base 15, what is -10c - 3?
-110
In base 13, what is -5 - 12a5?
-12aa
In base 8, what is 50 + 11?
61
In base 2, what is -110001111100 - 1?
-110001111101
In base 13, what is 14 - -26?
3a
In base 15, what is -10b + -6?
-112
In base 9, what is -4 + 60?
55
In base 3, what is -21 + -111?
-202
In base 13, what is -2 - 33?
-35
In base 15, what is -3 - c4?
-c7
In base 15, what is -22 - 3?
-25
In base 5, what is 1222 + 14?
1241
In base 6, what is 4 - 24?
-20
In base 16, what is 1 + -21c?
-21b
In base 6, what is -230210 - 0?
-230210
In base 5, what is 120 + 211?
331
In base 7, what is 604 - -3?
610
In base 3, what is -1 + -10100?
-10101
In base 2, what is 101 - 101101011?
-101100110
In base 14, what is 1 + -465?
-464
In base 5, what is -23 - -40?
12
In base 10, what is -2111 + 0?
-2111
In base 8, what is -40 + -7?
-47
In base 2, what is -1000000101 - 11?
-1000001000
In base 12, what is 3106 + -5?
3101
In base 7, what is -51 + 220?
136
In base 12, what is -279 + -1a?
-297
In base 14, what is -40c - 16?
-424
In base 13, what is -4 - 20b?
-212
In base 4, what is 13 + 132?
211
In base 8, what is -134 + -2?
-136
In base 14, what is -5 - dc?
-103
In base 7, what is -4 + 446?
442
In base 3, what is -22 - 221210?
-222002
In base 4, what is 1331101 + 2?
1331103
In base 6, what is 2 + -114?
-112
In base 10, what is -2 + 12?
10
In base 13, what is 1ba7 - 5?
1ba2
In base 9, what is 863 - 1?
862
In base 12, what is 8 + -26?
-1a
In base 11, what is -17 + 2?
-15
In base 8, what is -1 - -10?
7
In base 9, what is -55 + 168?
113
In base 8, what is -100 - -4?
-74
In base 13, what is 2 + a6?
a8
In base 13, what is 28 + 1?
29
In base 8, what is 5 + 32?
37
In base 2, what is 10 - 11011100111?
-11011100101
In base 12, what is -3b - -19?
-22
In base 7, what is -263 - 1?
-264
In base 15, what is 1 + 11d?
11e
In base 5, what is -4 + 334?
330
In base 15, what is 5 + -254?
-24e
In base 9, what is 30 - -263?
303
In base 5, what is 4 - -13102?
13111
In base 4, what is -132113 + -3?
-132122
In base 11, what is 2399 - -5?
23a3
In base 13, what is 157 - -5?
15c
In base 3, what is 2 - 1110?
-1101
In base 4, what is 10 - -11?
21
In base 14, what is 63 - -4?
67
In base 15, what is 99 - -10?
a9
In base 10, what is 1351 + 4?
1355
In base 3, what is 200100 - 12?
200011
In base 7, what is -4 + -1205?
-1212
In base 4, what is 13 + -1121?
-1102
In base 5, what is -124 + -3?
-132
In base 6, what is 0 + 3?
3
In base 7, what is -44 - -16?
-25
In base 10, what is 5 + -149?
-144
In base 3, what is -12000 + -122?
-12122
In base 11, what is 4999 - 4?
4995
In base 2, what is -101 + 1?
-100
In base 16, what is -3 - 192?
-195
In base 13, what is -3 - -18?
15
In base 5, what is 221 - -142?
413
In base 16, what is 5 - -83?
88
In base 12, what is -19 - 5?
-22
In base 6, what is 43 - -11?
54
In base 15, what is 1 + -1983?
-1982
In base 11, what is -1 + -12?
-13
In base 10, what is -4 + 291?
287
In base 16, what is -33 + -3a?
-6d
In base 12, what is 8 - 2?
6
In base 15, what is 14 - -133?
147
In base 16, what is 5 - -3a?
3f
In base 5, what is -30320 + -4?
-30324
In base 11, what is 13 + -35?
-22
In base 9, what is 5 + 101?
106
In base 12, what is 75 - 18?
59
In base 15, what is 3 + -45?
-42
In base 8, what is -37 + -31?
-70
In base 8, what is -2234 + 3?
-2231
In base 7, what is -3 + -1463?
-1466
In base 5, what is -1324 - 3?
-1332
In base 16, what is -ff - -2?
-fd
In base 13, what is 0 + 9?
9
In base 11, what is -3 + -1350?
-1353
In base 8, what is -60 + 13?
-45
In base 14, what is 4 + -112?
-10c
In base 10, what is -83 - -9?
-74
In base 14, what is 0 + -2b?
-2b
In base 16, what is 28 - 23e?
-216
In base 16, what is -43 - 6?
-49
In base 14, what is 2 + 19?
1b
In base 3, what is 1021011211 - 11?
1021011200
In base 15, what is 62 - 128?
-b6
In base 7, what is 36 + 116?
155
In base 11, what is -139 - -1?
-138
In base 9, what is -10 + -7?
-17
In base 8, what is -1201 - 6?
-1207
In base 5, what is 2 + -20302?
-20300
In base 8, what is 217 - -10?
227
In base 6, what is 30 - -552?
1022
In base 16, what is 3 - 7?
-4
In base 12, what is 5b2 - 11?
5a1
In base 8, what is -246 - -3?
-243
In base 6, what is 3 - -4252?
4255
In base 10, what is -60 - -721?
661
In base 6, what is -3 + -134?
-141
In base 7, what is 2 - 16022?
-16020
In base 16, what is 5 - -37?
3c
In base 8, what is -1625 + -2?
-1627
In base 7, what is 5 - -16?
24
In base 6, what is 1410 - 0?
1410
In base 5, what is 3211 - -10?
3221
In base 3, what is 110 + -1011?
-201
In base 12, what is 2124 + 0?
2124
In base 9, what is -142 - 5?
-147
In base 2, what is 1 - -11110011011?
11110011100
In base 3, what is -101 - -112222?
112121
In base 16, what is -1c2 - -3?
-1bf
In base 5, what is 3 - -2?
10
In base 13, what is 1 - -17?
18
In base 8, what is 43 + 177?
242
In base 6, what is 1 - 140?
-135
In base 9, what is 1 + 832?
833
In base 10, what is 19 - -82?
101
In base 4, what is -2 + 101112?
101110
In base 5, what is -10044 - -4?
-10040
In base 15, what is -20 + -16?
-36
In base 3, what is -1110101 + -11?
-1110112
In base 10, what is 10 + -39?
-29
In base 11, what is -225 - -4?
-221
In base 8, what is 4016 - -1?
4017
In base 4, what is -1 + 302020?
302013
In base 6, what is -1213 - 104?
-1321
In base 10, what is -29 + -39?
-68
In base 14, what is a4d + -5?
a48
In base 3, what is -20 + 12022?
12002
In base 7, what is -1121 + 4?
-1114
In base 9, what is -2738 - 0?
-2738
In base 12, what is -2 - -8a?
88
In base 6, what is -3 - 21031?
-21034
In base 16, what is -f + 5?
-a
In base 14, what is -4 + -b7?
-bb
In base 15, what is -78 + 5?
-73
In base 16, what is -14d + 14?
-139
In base 12, what is 23 + 0?
23
In base 11, what is 9 - -71?
7a
In base 5, what is 10 - -104002?
104012
In base 9, what is 0 + 6011?
6011
In base 12, what is 3 + -11a8?
-11a5
In base 5, what is 311 - 2?
304
In base 5, what is 3131 - 0?
3131
In base 13, what is 382 - 11?
371
In base 10, what is 81 + 8?
89
In base 3, what is -10002222 + -1?
-10010000
In base 10, what is -2 - 9?
-11
In base 14, what is 6 + 1401?
1407
In base 6, what is -2 + 13321?
13315
In base 2, what is -1000000111 - -101?
-1000000010
In base 7, what is -5 - 2056?
-2064
In base 16, what is 31 - 3?
2e
In base 15, what is -3 - 158?
-15b
In base 2, what is 100 - 100011001?
-100010101
In base 3, what is -20 + 201?
111
In base 16, what is -342 + 10?
-332
In base 10, what is -4 + -1615?
-1619
In base 4, what is -133103 - 11?
-133120
In base 7, what is 40 + -3021?
-2651
In base 2, what is -1 - 101100110000?
-101100110001
In base 14, what is 5 + -29?
-24
In base 15, what is 9 - c3?
-b9
In base 7, what is 32 - -233?
265
In base 8, what is -52 - 2?
-54
In base 8, what is 3 - 5?
-2
In base 13, what is -59 + 4?
-55
In base 12, what is 86 - 25?
61
In base 12, what is 0 - -18?
18
In base 7, what is -51 + 33?
-15
In base 6, what is -1 - 2134?
-2135
In base 13, what is -118 - 5?
-120
In base 3, what is 100010222 + -2?
100010220
In base 16, what is 2 - e?
-c
In b